e b(n).
-1
Suppose 0*h + 5*h = -105. Let l = -16 - h. Suppose -2*t - 27 = -l*k, 0 = 3*k - 3*t - 8 - 1. Let g(x) = x**3 - 7*x**2 - x + 5. Calculate g(k).
-2
Suppose a - 17 - 3 = -s, 80 = 3*s - a. Let k(l) = -33 + l**2 + 57 - s + 0*l**2. Calculate k(-1).
0
Let s(p) be the second derivative of -4*p - 4*p**3 - 1/40*p**5 - 1/12*p**4 + 0 + 0*p**2. Let q(k) be the second derivative of s(k). Give q(-3).
7
Suppose -3*h - 15 = -8*h. Suppose 3*z = -4*m + h, 6*m + 26 = 4*m + 4*z. Let o(g) = -g**2 - 2. Give o(m).
-11
Let t be 5 - (85/17 + -4). Let a(o) = -o**3 + 6*o**2 - 3. Calculate a(t).
29
Suppose -5*i = 2*z + 27, z - 29*i - 6 = -25*i. Let p be (-35)/(-21)*z/(-10). Let t(r) = -37*r**3 - r. Give t(p).
-38
Let f(d) = -d + 21. Let g(i) = -104*i + 1679. Let u be g(16). Calculate f(u).
6
Let h(p) = p**2 + 4*p - 4. Let g = 3761 + -3756. Calculate h(g).
41
Let t(r) = -r. Suppose 3*n - 3 = 0, -3*s + 2*n = -n - 1524. Suppose -3*o + 4*q + 302 = 0, -3*q - s = -5*o - 2*q. Let k = 101 - o. What is t(k)?
1
Let q(p) = p**2 - 18*p + 34. Let g be (-340)/(-28) + 3 + 432/63 + -7. Give q(g).
-11
Let u(x) = 119 + 11*x**2 + 2*x**3 + 5*x + 15*x**3 - 117 - 18*x**3. Calculate u(11).
57
Let l(o) = 66289*o**2 + 16*o - o**3 + 23 - 66276*o**2 + 0*o**3. Give l(14).
51
Let u(t) = 17*t**2 - 10*t + 5. Let k(r) = 9*r**2. Let w(l) = 2*k(l) - u(l). Let m(h) = -h**3 - 5. Let x be m(0). What is w(x)?
-30
Let t = 22 + -26. Let y(c) be the second derivative of -c**5/20 - c**4/3 - 973*c. What is y(t)?
0
Let l(a) = -a**2 - 2*a - 7. Suppose -u - 3*d + 9 = 0, 22 = -2*u + 5*d - 4. Let p be l(u). Let z(r) = r**2 + 8*r - 13. What is z(p)?
7
Let z(o) be the second derivative of -o**4/12 - 5*o**3/6 - 324*o. Let a be ((-12)/14*2)/((-18)/(-63)). Calculate z(a).
-6
Let n(j) = j**2 + 5*j - 6. Suppose -11*h = 8*h - 209. Let o(b) = -b**3 + 10*b**2 + 13*b - 28. Let l be o(h). Determine n(l).
0
Let u(w) = -2*w + 42 + 26 - 6*w**2 - 71. Give u(-1).
-7
Let o(y) = -y**3 + y - 1. Let f(n) = -8*n**3 + 6*n**2 + 7*n - 9. Let t(h) = -f(h) + 6*o(h). Suppose 0 = 8*k - 3*k + d - 14, -5*k + 3*d = -18. Calculate t(k).
0
Let i(t) = -t**2 + 2*t + 4. Let y(c) = 9*c + 11. Let q = -65 + 64. Let r be y(q). Determine i(r).
4
Let k(c) be the first derivative of -3*c**4/4 + c**2 + 3*c + 5810. Determine k(2).
-17
Let x(m) = -551 + 377 + 48*m - 15*m + 216. Give x(-1).
9
Let p(l) = -2*l**2 - 5*l + 17. Let b(i) = 3*i**2 + 9*i - 31. Let m(y) = -6*b(y) - 11*p(y). What is m(3)?
38
Let f = 48 - 43. Let n(p) = f*p - 10*p + 6*p - 5*p**2 + 3*p**3. Let s be n(2). Let k(l) = -l**3 + 5*l**2 + 5*l - 5. Determine k(s).
-11
Let h(q) = -7*q**2 - 2*q - 5. Let d(i) = 8*i**2 + i + 4. Let n(r) = -6*d(r) - 7*h(r). Let x be n(-7). Let j(w) = 248 - x*w - 248. What is j(3)?
-12
Let v(k) = -6 + k**2 - 2 - 1637*k - 2 + 1627*k. Let s = 538 + -528. Determine v(s).
-10
Let n(d) be the first derivative of -d**2 - 5*d - 434. Suppose -10*f + 5*f - 4*f = 0. Determine n(f).
-5
Let o(j) = j**2 + 7 - 3 + 0*j**2 + 10*j. Suppose 4*s = -k + 63 - 80, -s - 51 = -4*k. Calculate o(s).
-17
Let o(c) be the third derivative of c**5/20 + c**4/6 - 5*c**3/6 - 634*c**2 - 3. Calculate o(3).
34
Suppose -5*n + 58 = 2*a, -3*n + 88 = 4*a - 0*n. Let l(w) be the third derivative of -w**6/120 + 3*w**5/10 + 19*w**4/24 + w**3/3 - 516*w**2. Determine l(a).
2
Let j(u) be the second derivative of -5*u**3/3 + 13*u**2/2 - 7*u - 7. Determine j(6).
-47
Let n = 47 + -48. Let h be (3 + (-1 - n))/(2/18). Suppose 0 = h*b - 21*b. Let k(o) = -o - 3. Give k(b).
-3
Let h(b) = -24*b - 62. Let n(p) = p**3 - 11*p**2 + 29*p - 102. Let g be n(9). Determine h(g).
10
Let p(t) = 2*t + 20. Let z(c) = 34*c + 3957. Let d be z(-117). Give p(d).
-22
Let i(p) = -38*p - 157. Suppose -43*y - 36*y - 204 = -28*y. What is i(y)?
-5
Let i(c) be the second derivative of -c**3/6 + c**2 - 15*c + 3. Determine i(5).
-3
Let s(t) = 4 - 8*t**2 + 1 - t + t**3 + 0*t**3. Suppose 0 = -4*f - 3*z + 14, -4*z = 5*f - 743 + 727. Calculate s(f).
-3
Let b(m) be the first derivative of -5/2*m**2 + 1/3*m**3 + 5*m + 1. Suppose -29*p + 192 - 47 = 0. Calculate b(p).
5
Let y(r) be the second derivative of 4*r**4/3 + 40*r**3/3 + 2*r**2 + 1196*r - 4. Give y(-5).
4
Let l(b) = 10*b - 1. Let w(h) = -h. Let j(n) = l(n) + 2*w(n). Let t(r) = -r**3 - 14*r**2 - 24*r - 3. Suppose -4*c - 9 = 39. Let f be t(c). Determine j(f).
-25
Let c(j) = j**3 - 44*j**2 + j - 44. Suppose -t = -4*w + 178, 0 = 238*w - 240*w + t + 90. Calculate c(w).
0
Let b = 306 + -298. Suppose 3*c - 30 = 3*a - b*a, 24 = 4*a - 4*c. Let x(q) = 4*q - 9. Calculate x(a).
15
Suppose 6*q - 3532 = -1216. Let m(x) = 3 - 3 - 375*x + q*x + 1. Suppose -u = -3*o + 2*u, -4*o = u + 5. Determine m(o).
-10
Suppose 14*d - 39 = -11. Let h(k) = -4*k**2 + 10*k - 21. Let f be h(d). Let p(x) = x**3 + 17*x**2 - x - 21. Calculate p(f).
-4
Let t(y) = -y**2 + 6*y - 7. Let m be 2/4 - (0 + 149/(-2)). Let g = -54 + m. Let v = 29 - g. Give t(v).
-23
Let h(a) = -292*a + 85. Let x(p) = 118*p - 42. Let m(b) = -2*h(b) - 5*x(b). Calculate m(-10).
100
Let t(w) = w**3 - 5*w**2 - w - 2. Let o = -34 + 145. Suppose 4*c + o = -5*n, -2*c = 2*c + 2*n + 102. Let a be ((-12)/c)/(1/10). Give t(a).
-7
Suppose 4*g + 22 = -5*g + 58. Let b(q) be the first derivative of -g*q - 1/4*q**4 - 8 + 3/2*q**2 + 2*q**3. Give b(6).
14
Suppose 4*b - 40 = -4*m, 4*m - 5*b = -0*m + 31. Let i(w) = -m - 3*w + 12 - 7 + 0*w. Calculate i(-5).
11
Let z(i) be the third derivative of i**6/360 - i**5/120 - i**4/24 - 34*i**3/3 + 48*i**2 - 1. Let h(p) be the first derivative of z(p). Give h(-2).
5
Let d(w) = 12*w**3 + 7*w**2 - 8*w + 48. Let q(j) = 5*j**3 + 3*j**2 - 4*j + 21. Let b(v) = -2*d(v) + 5*q(v). Give b(0).
9
Let d(h) = 3*h**2 - 40*h - 250. Let q(u) = -u**2 + 11*u + 81. Let s(l) = -3*d(l) - 10*q(l). Calculate s(-15).
15
Let r(l) be the second derivative of l**3 - l - 17 + 3/2*l**2. What is r(-4)?
-21
Suppose r + 6 = 4*r. Let g = 42 + -42. Let n(p) = g*p**2 - r*p + 4*p**2 + 4*p**2 - 2 - 6*p**2. What is n(2)?
2
Let o(y) = y**3 - y**2 - y. Suppose 4*d = 10 + 6. Suppose -2*t = b - 4*b + 1, -d*t - 7 = -b. Let r(m) = -16*m**3 + 3*m. Let v(q) = b*r(q) - 2*o(q). Give v(1).
15
Let k(s) = -s**3 - 20*s**2 + 8. Let t be k(-20). Let c(x) = t*x**2 + 5*x - 6*x**2 - 3*x**2 + 4 + 3*x**2. What is c(-3)?
7
Let r = -648 + 638. Let d(a) = -5*a - 12 + 10*a - 6*a. What is d(r)?
-2
Let b(n) = n**2 + 6*n - 13. Suppose -5*f - 4*i - 60 = i, f - 2*i + 18 = 0. Let v be 6/(-4)*(f - -20). Calculate b(v).
14
Let b(h) = -5*h**3 + 2*h**2 - h. Suppose -5*f - 2*f = -70. Let t be (-12)/20 - (-6)/f. Suppose t = -5*o - 0*o + 5. Calculate b(o).
-4
Let m(p) be the third derivative of p**6/120 - p**5/20 - 11*p**4/24 + 7*p**3/6 + 996*p**2. Determine m(5).
2
Suppose -10 = d - 17. Let h(y) = 1524 - y**3 + 0*y**3 - y + 6*y**2 - 1532 + 2*y**2 - 5*y. Give h(d).
-1
Let k(b) = -29*b - 35. Let l(j) = 10*j + 13. Let p(f) = 4*k(f) + 11*l(f). Suppose 6*q = 8*q - 6. Suppose -h + q*h - 5*y - 16 = 0, 0 = -h + 5*y + 13. Give p(h).
-15
Let d(a) be the second derivative of a**5/20 - a**4/3 - 10*a**3/3 - a**2 + 2691*a. Give d(7).
5
Let b(p) = 11*p + 1. Let w = 128 - 50. Let g = 78 - w. Suppose g = 5*z + 5*c, -z + 4*c = 3*z - 16. What is b(z)?
23
Let x(y) = y**3 - 28*y**2 + 27*y + 51. Let o(q) = -6*q**3 + 141*q**2 - 134*q - 252. Let i(t) = -2*o(t) - 11*x(t). Determine i(-27).
-3
Let z(o) = -o**3 + 19*o**2 + 21*o - 26. Let t be z(20). Let b(n) = -9*n - 13. Give b(t).
41
Let x(z) = -z**3 - 8*z**2 - 7*z + 7. Suppose 3*n = 129 + 81. Suppose -n + 98 = -4*r. Determine x(r).
7
Let h(s) = -58*s - 11. Let u(j) = -85*j - 10. Let k(d) = -3*h(d) + 2*u(d). Calculate k(13).
65
Suppose 4*q - 10 = 22. Suppose 0*f - q = -4*f. Let o(r) = -2 - 10*r**2 + 0 - r - 7*r**2 + 18*r**f. Determine o(2).
0
Let j(p) be the second derivative of 7*p**5/20 - p**4/3 + 11*p**2 - 46*p. Let a(w) = 8*w**3 - 3*w**2 + 2*w + 23. Let q(t) = -6*a(t) + 7*j(t). Give q(11).
5
Let i(p) = 2*p + 2. Suppose 4*n + 3*y - 2*y - 117 = 0, 3*y + 129 = 4*n. Let x be 6*-1*(-25)/n. Suppose -x*w - 41 = 3*c, -w - 8 = w. Give i(c).
-12
Let h(t) be the second derivative of t**6/120 + t**5/15 + t**4/8 - 2*t**3/3 - 29*t**2/2 - 24*t - 2. Let s(b) be the first derivative of h(b). What is s(-3)?
-4
Let w(z) = z**2 + 4*z - 19. Let s(p) = -3*p**2 - 13*p + 55. Let c be (-3)/(-9)*-15 + (-2 -